{"id":32018,"date":"2024-11-14T11:00:46","date_gmt":"2024-11-14T10:00:46","guid":{"rendered":"https:\/\/bibliaaudio.pl\/sklep\/?page_id=32018"},"modified":"2025-11-10T07:24:19","modified_gmt":"2025-11-10T06:24:19","slug":"regulamin-promocji","status":"publish","type":"page","link":"https:\/\/bibliaaudio.pl\/sklep\/regulamin-promocji\/","title":{"rendered":"Regulamin promocji"},"content":{"rendered":"\r\n<p><strong>Regulamin Promocji \u201c100 subskrypcji za 99 z\u0142\u201d<\/strong><\/p>\r\n\r\n\r\n\r\n<p>1. Organizatorem Promocji jest OSORNO MEDIA SP\u00d3\u0141KA Z OGRANICZONA ODPOWIEDZIALNO\u015aCI\u0104 z siedzib\u0105 w Warszawie (02-927), przy ul. Zdrojowej 109, s\u0105d rejestrowy: S\u0105d Rejonowy dla M. St. Warszawy w Warszawie XIII Wydzia\u0142 Gospodarczy Krajowego Rejestru S\u0105dowego, KRS: 0000781398, REGON: 383076414, NIP: 1182192536, kapita\u0142 zak\u0142adowy 9.950,00 z\u0142otych (\u201eOrganizator\u201d).\u00a0\u00a0<\/p>\r\n\r\n\r\n\r\n<p>2. Promocja obowi\u0105zuje od godziny 00:00 10 listopada 2025 r. do odwo\u0142ania i jest skierowana do os\u00f3b fizycznych posiadaj\u0105cych pe\u0142n\u0105 lub ograniczon\u0105 zdolno\u015b\u0107 do czynno\u015bci prawnych, os\u00f3b prawnych lub jednostek organizacyjnych nieposiadaj\u0105cych osobowo\u015bci prawnej, kt\u00f3rym ustawa przyznaje zdolno\u015b\u0107 prawn\u0105.<\/p>\r\n\r\n\r\n\r\n<p>3. Promocja dotyczy <strong>Subskrypcji do\u017cywotnich<\/strong> oferowanych przez <a href=\"http:\/\/sklep.bibliaaudio.pl\/\">sklep.bibliaaudio.pl<\/a>, umo\u017cliwiaj\u0105cych korzystanie z utwor\u00f3w <strong>Stary i Nowy Testament w Aplikacji Bibliaaudio Superprodukcja<\/strong>.<\/p>\r\n\r\n\r\n\r\n<p>4. W ramach Promocji i w czasie jej obowi\u0105zywania Organizator oferuje mo\u017cliwo\u015b\u0107 zakupu 100 Subskrypcji do\u017cywotnich dziennie w cenie 99<strong>\u00a0z\u0142 za jedn\u0105 Subskrypcj\u0119 do\u017cywotni\u0105<\/strong>. W przypadku niewykorzystania limitu dziennego, o kt\u00f3rym mowa w zdaniu poprzednim, niewykorzystana liczba Subskrypcji do\u017cywotnich zwi\u0119ksza limit dost\u0119pny w kolejnych dniach obowi\u0105zywania Promocji. Przez dzie\u0144 nale\u017cy rozumie\u0107 ka\u017cdy dzie\u0144 kalendarzowy.\u00a0\u00a0<\/p>\r\n\r\n\r\n\r\n<p>5. Organizator ma prawo jednokrotnie zwi\u0119kszy\u0107 limit oferowanych Subskrypcji do\u017cywotnich w okresie Promocji, w szczeg\u00f3lno\u015bci w przypadku spe\u0142nienia przynajmniej jednego z poni\u017cszych warunk\u00f3w:<\/p>\r\n\r\n\r\n\r\n<p>&#8211; uzyskania co najmniej trzech pr\u00f3\u015bb o zwi\u0119kszenie limitu od na mediach spo\u0142eczno\u015bciowych Organizatora,<\/p>\r\n\r\n\r\n\r\n<p>&#8211; udost\u0119pnienia postu o Promocji na mediach spo\u0142eczno\u015bciowych Organizatora przez co najmniej dwie osoby.<\/p>\r\n\r\n\r\n\r\n<p>Organizator niezw\u0142ocznie informuje o zwi\u0119kszeniu limitu dost\u0119pnych Subskrypcji do\u017cywotnich na mediach spo\u0142eczno\u015bciowych i stronie internetowej.<\/p>\r\n\r\n\r\n\r\n<p>6. Promocja nie \u0142\u0105czy si\u0119 z innymi promocjami Organizatora. Wszelkie zapytania zwi\u0105zane z Promocj\u0105 powinny by\u0107 kierowane pod adres poczty elektronicznej: <a href=\"mailto:kontakt@osornomedia.com\">kontakt@osornomedia.com<\/a>.\u00a0<\/p>\r\n\r\n\r\n\r\n<p>7. Od Umowy zawartej w ramach Promocji mo\u017cna odst\u0105pi\u0107 w terminie 14 dni od dnia realizacji zam\u00f3wienia przez Organizatora. Do zachowania powy\u017cszego terminu wystarczy wys\u0142anie o\u015bwiadczenia w formie elektronicznej na adres poczty elektronicznej <a href=\"mailto:kontakt@osornomedia.com\">kontakt@osornomedia.com<\/a> lub pisemnej na adres wskazany w pkt 1.<\/p>\r\n\r\n\r\n\r\n<p>8. Zasady przetwarzania danych osobowych, jak r\u00f3wnie\u017c zasady sk\u0142adania reklamacji okre\u015bla Regulamin Aplikacji Bibliaaudio Superprodukcja.<\/p>\r\n\r\n\r\n\r\n<p>9. W kwestiach nieuregulowanych w Regulaminie maj\u0105 zastosowanie przepisy prawa polskiego.<\/p>\r\n\r\n\r\n\r\n<p>10. Regulamin wchodzi w \u017cycie z dniem 27 pa\u017adziernika 2025 r.<\/p>\r\n","protected":false},"excerpt":{"rendered":"<p>Regulamin Promocji \u201c100 subskrypcji za 99 z\u0142\u201d 1. Organizatorem Promocji jest OSORNO MEDIA SP\u00d3\u0141KA Z OGRANICZONA ODPOWIEDZIALNO\u015aCI\u0104 z siedzib\u0105 w Warszawie (02-927), przy ul. Zdrojowej 109, s\u0105d rejestrowy: S\u0105d Rejonowy dla M. St. Warszawy w Warszawie XIII Wydzia\u0142 Gospodarczy Krajowego Rejestru S\u0105dowego, KRS: 0000781398, REGON: 383076414, NIP: 1182192536, kapita\u0142 zak\u0142adowy 9.950,00 z\u0142otych (\u201eOrganizator\u201d).\u00a0\u00a0 2. Promocja [&hellip;]<\/p>\n","protected":false},"author":3,"featured_media":0,"parent":0,"menu_order":0,"comment_status":"closed","ping_status":"closed","template":"","meta":{"_acf_changed":false,"inline_featured_image":false,"footnotes":""},"class_list":["post-32018","page","type-page","status-publish","hentry"],"acf":[],"_links":{"self":[{"href":"https:\/\/bibliaaudio.pl\/sklep\/wp-json\/wp\/v2\/pages\/32018","targetHints":{"allow":["GET"]}}],"collection":[{"href":"https:\/\/bibliaaudio.pl\/sklep\/wp-json\/wp\/v2\/pages"}],"about":[{"href":"https:\/\/bibliaaudio.pl\/sklep\/wp-json\/wp\/v2\/types\/page"}],"author":[{"embeddable":true,"href":"https:\/\/bibliaaudio.pl\/sklep\/wp-json\/wp\/v2\/users\/3"}],"replies":[{"embeddable":true,"href":"https:\/\/bibliaaudio.pl\/sklep\/wp-json\/wp\/v2\/comments?post=32018"}],"version-history":[{"count":9,"href":"https:\/\/bibliaaudio.pl\/sklep\/wp-json\/wp\/v2\/pages\/32018\/revisions"}],"predecessor-version":[{"id":58839,"href":"https:\/\/bibliaaudio.pl\/sklep\/wp-json\/wp\/v2\/pages\/32018\/revisions\/58839"}],"wp:attachment":[{"href":"https:\/\/bibliaaudio.pl\/sklep\/wp-json\/wp\/v2\/media?parent=32018"}],"curies":[{"name":"wp","href":"https:\/\/api.w.org\/{rel}","templated":true}]}}