{"id":55846,"date":"2025-10-02T22:08:57","date_gmt":"2025-10-02T20:08:57","guid":{"rendered":"https:\/\/bibliaaudio.pl\/sklep\/?page_id=55846"},"modified":"2025-10-02T22:10:47","modified_gmt":"2025-10-02T20:10:47","slug":"regulamin-modlitewny-challenge","status":"publish","type":"page","link":"https:\/\/bibliaaudio.pl\/sklep\/regulamin-modlitewny-challenge\/","title":{"rendered":"Regulamin konkursu Modlitewny challenge"},"content":{"rendered":"\r\n<p><b>Regulamin konkursu \u201cModlitewny challenge\u201d<\/b><\/p>\r\n<p><b>I. Organizator<\/b><\/p>\r\n<ol>\r\n<li style=\"font-weight: 400;\" aria-level=\"1\"><span style=\"font-weight: 400;\">Organizatorem Konkursu \u201cModlitewny challenge\u201d <\/span><b>(dalej \u201cKonkurs\u201d)<\/b><span style=\"font-weight: 400;\"> jest Osorno Media sp. z o.o. z siedzib\u0105 w Warszawie, przy ul. Wielickiej 40u\/1, 02-657 Warszawa, wpisana do rejestru przedsi\u0119biorc\u00f3w Krajowego Rejestru S\u0105dowego przez S\u0105d Rejonowy dla M. St. Warszawy w Warszawie XIII Wydzia\u0142 Gospodarczy Krajowego Rejestru S\u0105dowego pod numerem KRS: 0000781398, posiadaj\u0105c\u0105 numery: REGON: 383076414, NIP: 1182192536, kapita\u0142 zak\u0142adowy w wysoko\u015bci 9.950,00 z\u0142otych <\/span><b>(dalej: \u201eOrganizator\u201d)<\/b><span style=\"font-weight: 400;\">.<\/span><\/li>\r\n<li style=\"font-weight: 400;\" aria-level=\"1\"><span style=\"font-weight: 400;\">Niniejszy regulamin <\/span><b>(dalej: \u201eRegulamin\u201d) <\/b><span style=\"font-weight: 400;\">reguluje zasady i warunki uczestnictwa w Konkursie, prawa i obowi\u0105zki Organizatora oraz Uczestnik\u00f3w Konkursu. Warunki uczestnictwa w Konkursie okre\u015bla wy\u0142\u0105cznie Regulamin.<\/span><\/li>\r\n<li style=\"font-weight: 400;\" aria-level=\"1\"><span style=\"font-weight: 400;\">Regulamin b\u0119dzie dost\u0119pny przez czas trwania Konkursu na stronie internetowej www.sklep.bibliaaudio.pl\/regulamin-modlitewny-challenge.<\/span><\/li>\r\n<li style=\"font-weight: 400;\" aria-level=\"1\"><span style=\"font-weight: 400;\">Uczestnictwo w Konkursie ma charakter dobrowolny i nieodp\u0142atny.<\/span><\/li>\r\n<\/ol>\r\n<p><b>II. Uczestnicy Konkursu<\/b><\/p>\r\n<ol>\r\n<li style=\"font-weight: 400;\" aria-level=\"1\"><span style=\"font-weight: 400;\">W Konkursie mog\u0105 wzi\u0105\u0107 udzia\u0142 osoby pe\u0142noletnie, a tak\u017ce osoby niepe\u0142noletnie, za zgod\u0105 opiekun\u00f3w prawnych , posiadaj\u0105cy miejsce zamieszkania na terytorium Rzeczypospolitej Polskiej <\/span><b>(dalej: \u201cUczestnik\u201d)<\/b><span style=\"font-weight: 400;\">. Zgoda opiekun\u00f3w prawnych powinna by\u0107 przes\u0142ana do Organizatora niezw\u0142ocznie po otrzymaniu stosownego zapytania od Organizatora.<\/span><\/li>\r\n<li style=\"font-weight: 400;\" aria-level=\"1\"><span style=\"font-weight: 400;\">Udzia\u0142 w Konkursie jest bezp\u0142atny.<\/span><\/li>\r\n<li style=\"font-weight: 400;\" aria-level=\"1\"><span style=\"font-weight: 400;\">Posiadanie aplikacji Biblia Audio nie jest warunkiem uczestnictwa w Konkursie z ograniczeniem, \u017ce w takim przypadku Uczestnik mo\u017ce wzi\u0105\u0107 udzia\u0142 w Konkursie wy\u0142\u0105cznie w ramach \u015bcie\u017cki okre\u015blonej w cz\u0119\u015bci III pkt 1a.<\/span><\/li>\r\n<li style=\"font-weight: 400;\" aria-level=\"1\"><span style=\"font-weight: 400;\">W Konkursie nie mog\u0105 bra\u0107 udzia\u0142u pracownicy lub wsp\u00f3\u0142pracownicy Organizatora.<\/span><\/li>\r\n<\/ol>\r\n<p><b>III. Zasady uczestnictwa w Konkursie<\/b><\/p>\r\n<ol>\r\n<li style=\"font-weight: 400;\" aria-level=\"1\"><span style=\"font-weight: 400;\">Uczestnik mo\u017ce wzi\u0105\u0107 udzia\u0142 w Konkursie na jeden z dw\u00f3ch sposob\u00f3w:<\/span>\r\n<ol>\r\n<li style=\"font-weight: 400;\" aria-level=\"2\"><span style=\"font-weight: 400;\">Poprzez publikacj\u0119 materia\u0142\u00f3w na w\u0142asnych mediach spo\u0142eczno\u015bciowych, w szczeg\u00f3lno\u015bci na profilu Instagram, z oznaczeniem profilu @bibliaaudio;<\/span><\/li>\r\n<li style=\"font-weight: 400;\" aria-level=\"2\"><span style=\"font-weight: 400;\">Poprzez ods\u0142uchiwanie zak\u0142adki \u201eR\u00f3\u017caniec\u201d lub \u201eModlitwa\u201d w aplikacji Biblia Audio.<\/span><\/li>\r\n<\/ol>\r\n<\/li>\r\n<li style=\"font-weight: 400;\" aria-level=\"1\"><span style=\"font-weight: 400;\">W przypadku \u015bcie\u017cki wskazanej w pkt. 1a zwyci\u0119zcy zostan\u0105 wy\u0142onieni przez Organizatora na podstawie oceny kreatywno\u015bci publikowanych tre\u015bci oraz zaanga\u017cowania odbiorc\u00f3w w social mediach Uczestnika.<\/span><\/li>\r\n<li style=\"font-weight: 400;\" aria-level=\"1\"><span style=\"font-weight: 400;\">W przypadku \u015bcie\u017cki wskazanej w pkt 1b zwyci\u0119zcy zostan\u0105 wy\u0142onieni przez Organizatora\u00a0 wed\u0142ug najd\u0142u\u017cszego czasu ods\u0142uchiwania tre\u015bci z wy\u017cej wskazanych zak\u0142adek.<\/span><\/li>\r\n<li style=\"font-weight: 400;\" aria-level=\"1\"><span style=\"font-weight: 400;\">W ka\u017cdej z kategorii Organizator wy\u0142oni troje laureat\u00f3w. Lista laureat\u00f3w zostanie og\u0142oszona przez Organizatora na Instagramie do 5 listopada 2025 r.<\/span><\/li>\r\n<li style=\"font-weight: 400;\" aria-level=\"1\"><span style=\"font-weight: 400;\">Ka\u017cdy z laureat\u00f3w otrzyma trzy darmowe, roczne kody dost\u0119pu do aplikacji Biblia Audio.<\/span><\/li>\r\n<li style=\"font-weight: 400;\" aria-level=\"1\"><span style=\"font-weight: 400;\">Zg\u0142oszenie do Konkursu nast\u0119puje poprzez konto Instagram @bibliaaudio.<\/span><\/li>\r\n<li style=\"font-weight: 400;\" aria-level=\"1\"><span style=\"font-weight: 400;\">Praca konkursowa opublikowana w mediach spo\u0142eczno\u015bciowych musi zawiera\u0107 oznaczenie profilu @bibliaaudio oraz hasztag #r\u00f3\u017caniecnauszach.<\/span><\/li>\r\n<li style=\"font-weight: 400;\" aria-level=\"1\"><span style=\"font-weight: 400;\">Ka\u017cdy Uczestnik mo\u017ce zg\u0142osi\u0107 udzia\u0142 w Konkursie wy\u0142\u0105cznie jeden raz.<\/span><\/li>\r\n<\/ol>\r\n<ol>\r\n<li style=\"font-weight: 400;\" aria-level=\"1\"><span style=\"font-weight: 400;\">Poprzez wzi\u0119cie udzia\u0142u w Konkursie Uczestnik wyra\u017ca zgod\u0119, na publikacj\u0119 jej\/jego danych osobowych na social mediach Organizatora, a w przypadku \u015bcie\u017cki wskazanej w pkt 1a powy\u017cej, r\u00f3wnie\u017c publikacj\u0119, publiczne udost\u0119pnienie na kana\u0142ach Organizatora w mediach spo\u0142eczno\u015bciowych (repostowanie) i Internecie, w szczeg\u00f3lno\u015bci na Instagramie, w tym w ramach materia\u0142\u00f3w reklamowych i promuj\u0105cych Bibli\u0119 Audio, publikacji (post\u00f3w) Uczestnika. Uczestnik udziela r\u00f3wnie\u017c Organizatorowi nieograniczonej w czasie licencji niewy\u0142\u0105cznej na wykorzystanie zg\u0142oszonych prac w celach marketingowych na nast\u0119puj\u0105cych polach eksploatacji: publiczne udost\u0119pnienie w Internecie, w aplikacji Biblia Audio oraz mediach spo\u0142eczno\u015bciowych Organizatora bez ogranicze\u0144 terytorialnych.<\/span><span style=\"font-weight: 400;\"><br \/><br \/><\/span><\/li>\r\n<\/ol>\r\n<p><b>IV. Pozosta\u0142e informacje o Konkursie.<\/b><\/p>\r\n<ol>\r\n<li style=\"font-weight: 400;\" aria-level=\"1\"><span style=\"font-weight: 400;\">Konkurs trwa od 1 do 31 pa\u017adziernika 2025 r.<\/span><\/li>\r\n<li style=\"font-weight: 400;\" aria-level=\"1\"><span style=\"font-weight: 400;\">Organizator zastrzega sobie prawo wykluczenia z Konkursu Uczestnika, kt\u00f3ry w istotny spos\u00f3b narusza zasady i cel Konkursu, w szczeg\u00f3lno\u015bci publikuje tre\u015bci naruszaj\u0105ce dobre obyczaje, obra\u017caj\u0105ce uczucia religijne, wolno\u015b\u0107 religii, zasady spo\u0142eczno\u015bci itp.<\/span><\/li>\r\n<li style=\"font-weight: 400;\" aria-level=\"1\"><span style=\"font-weight: 400;\">Organizator zastrzega sobie prawo do zmiany regulaminu Konkursu w dowolnym czasie, bez podawania przyczyn. Uczestnicy Konkursu b\u0119d\u0105 powiadamiani o ka\u017cdej zmianie poprzez zamieszczenie stosownej informacji na story \u201emodlitewny challenge\u201d w Instagramie<\/span><\/li>\r\n<li style=\"font-weight: 400;\" aria-level=\"1\"><span style=\"font-weight: 400;\">Wszelkie reklamacje mo\u017cna zg\u0142asza\u0107 na adres email: <\/span><a href=\"mailto:joanna@osornomedia.pl\"><span style=\"font-weight: 400;\">joanna@osornomedia.pl<\/span><\/a><span style=\"font-weight: 400;\">. Organizator rozstrzygnie reklamacj\u0119 w terminie 14 dni.<\/span><\/li>\r\n<li style=\"font-weight: 400;\" aria-level=\"1\"><span style=\"font-weight: 400;\">W zakresie nieuregulowanym Regulaminem zastosowanie maj\u0105 przepisy prawa polskiego.<\/span><\/li>\r\n<li style=\"font-weight: 400;\" aria-level=\"1\"><span style=\"font-weight: 400;\">W\u0142a\u015bciciele portali spo\u0142eczno\u015bciowych nie ponosz\u0105 odpowiedzialno\u015bci za organizacj\u0119 Konkursu.<\/span><\/li>\r\n<li style=\"font-weight: 400;\" aria-level=\"1\"><span style=\"font-weight: 400;\">Informacje dotycz\u0105ce przetwarzania danych osobowych znajduj\u0105 si\u0119 na stronie https:\/\/bibliaaudio.pl\/sklep\/regulamin\/<\/span><\/li>\r\n<\/ol>\r\n<p>&nbsp;<\/p>\r\n","protected":false},"excerpt":{"rendered":"<p>Regulamin konkursu \u201cModlitewny challenge\u201d I. Organizator Organizatorem Konkursu \u201cModlitewny challenge\u201d (dalej \u201cKonkurs\u201d) jest Osorno Media sp. z o.o. z siedzib\u0105 w Warszawie, przy ul. Wielickiej 40u\/1, 02-657 Warszawa, wpisana do rejestru przedsi\u0119biorc\u00f3w Krajowego Rejestru S\u0105dowego przez S\u0105d Rejonowy dla M. St. Warszawy w Warszawie XIII Wydzia\u0142 Gospodarczy Krajowego Rejestru S\u0105dowego pod numerem KRS: 0000781398, posiadaj\u0105c\u0105 [&hellip;]<\/p>\n","protected":false},"author":3,"featured_media":0,"parent":0,"menu_order":0,"comment_status":"closed","ping_status":"closed","template":"","meta":{"_acf_changed":false,"inline_featured_image":false,"footnotes":""},"class_list":["post-55846","page","type-page","status-publish","hentry"],"acf":[],"_links":{"self":[{"href":"https:\/\/bibliaaudio.pl\/sklep\/wp-json\/wp\/v2\/pages\/55846","targetHints":{"allow":["GET"]}}],"collection":[{"href":"https:\/\/bibliaaudio.pl\/sklep\/wp-json\/wp\/v2\/pages"}],"about":[{"href":"https:\/\/bibliaaudio.pl\/sklep\/wp-json\/wp\/v2\/types\/page"}],"author":[{"embeddable":true,"href":"https:\/\/bibliaaudio.pl\/sklep\/wp-json\/wp\/v2\/users\/3"}],"replies":[{"embeddable":true,"href":"https:\/\/bibliaaudio.pl\/sklep\/wp-json\/wp\/v2\/comments?post=55846"}],"version-history":[{"count":4,"href":"https:\/\/bibliaaudio.pl\/sklep\/wp-json\/wp\/v2\/pages\/55846\/revisions"}],"predecessor-version":[{"id":55850,"href":"https:\/\/bibliaaudio.pl\/sklep\/wp-json\/wp\/v2\/pages\/55846\/revisions\/55850"}],"wp:attachment":[{"href":"https:\/\/bibliaaudio.pl\/sklep\/wp-json\/wp\/v2\/media?parent=55846"}],"curies":[{"name":"wp","href":"https:\/\/api.w.org\/{rel}","templated":true}]}}