{"id":8028,"date":"2022-09-13T11:51:12","date_gmt":"2022-09-13T09:51:12","guid":{"rendered":"https:\/\/bibliaaudio.pl\/sklep\/?post_type=product&#038;p=8028"},"modified":"2026-04-10T19:08:29","modified_gmt":"2026-04-10T17:08:29","slug":"the-audio-bible-super-production","status":"publish","type":"product","link":"https:\/\/bibliaaudio.pl\/sklep\/the-audio-bible-super-production\/","title":{"rendered":"Stary i Nowy Testament CD Box \u2013 wersja angielska"},"content":{"rendered":"<h2><strong>Biblia Audio to doskona\u0142y prezent dla ka\u017cdego, kto pragnie odkry\u0107 lub pog\u0142\u0119bi\u0107 swoj\u0105 wiar\u0119.<\/strong><\/h2>\n<p>Biblia Audio na p\u0142ytach CD <strong>w j\u0119zyku angielskim<\/strong> to pe\u0142ne nagranie Pisma \u015awi\u0119tego w nowoczesnej, poruszaj\u0105cej formie. Znajdziesz tu ponad sto godzin profesjonalnie zrealizowanych nagra\u0144 w formacie MP3, obejmuj\u0105cych ca\u0142y Stary i Nowy Testament.<\/p>\n<p>Do\u015bwiadcz S\u0142owa Bo\u017cego w zupe\u0142nie nowy spos\u00f3b. Biblia Audio to nie tylko lektura, to g\u0142\u0119bokie, duchowe prze\u017cycie, kt\u00f3re mo\u017ce towarzyszy\u0107 Ci w ka\u017cdej chwili \u017cycia. Pozw\u00f3l, by pi\u0119kno S\u0142owa przemawia\u0142o do Ciebie za po\u015brednictwem profesjonalnych g\u0142os\u00f3w znanych aktor\u00f3w, w pe\u0142nej oprawie d\u017awi\u0119kowej, kt\u00f3ra przenosi Ci\u0119 w biblijny \u015bwiat.<\/p>\n<p style=\"text-align: left;\">Zestaw CD Box sprawdzi si\u0119 jako elegancki i warto\u015bciowy prezent, a tak\u017ce jako osobisty towarzysz modlitwy i refleksji. Dzi\u0119ki wygodnej formie mo\u017cesz s\u0142ucha\u0107 Biblii tam, gdzie najbardziej tego potrzebujesz.<\/p>\n<p style=\"text-align: center;\">\n","protected":false},"excerpt":{"rendered":"<p>Biblia Audio to doskona\u0142y prezent dla ka\u017cdego, kto pragnie odkry\u0107 lub pog\u0142\u0119bi\u0107 swoj\u0105 wiar\u0119. Biblia Audio na p\u0142ytach CD w j\u0119zyku angielskim to pe\u0142ne nagranie Pisma \u015awi\u0119tego w nowoczesnej, poruszaj\u0105cej formie. Znajdziesz tu ponad sto godzin profesjonalnie zrealizowanych nagra\u0144 w formacie MP3, obejmuj\u0105cych ca\u0142y Stary i Nowy Testament. Do\u015bwiadcz S\u0142owa Bo\u017cego w zupe\u0142nie nowy spos\u00f3b. [&hellip;]<\/p>\n","protected":false},"featured_media":70589,"comment_status":"closed","ping_status":"closed","template":"","meta":{"_acf_changed":false,"inline_featured_image":false},"product_brand":[],"product_cat":[111,114,121,73],"product_tag":[],"class_list":{"0":"post-8028","1":"product","2":"type-product","3":"status-publish","4":"has-post-thumbnail","6":"lektorzy-alisha-mullally","7":"lektorzy-brian-t-delaney","8":"lektorzy-cam-clarke","9":"lektorzy-emerson-brooks","10":"lektorzy-janell-lenfert","11":"lektorzy-jon-lipow","12":"lektorzy-llou-johnson","13":"lektorzy-roy-samuelson","14":"product_cat-plyty-cd","15":"product_cat-prezenty","16":"product_cat-promo_wp","17":"product_cat-the-audio-bible-super-production","19":"first","20":"instock","21":"sale","22":"taxable","23":"shipping-taxable","24":"purchasable","25":"product-type-simple"},"acf":[],"_links":{"self":[{"href":"https:\/\/bibliaaudio.pl\/sklep\/wp-json\/wp\/v2\/product\/8028","targetHints":{"allow":["GET"]}}],"collection":[{"href":"https:\/\/bibliaaudio.pl\/sklep\/wp-json\/wp\/v2\/product"}],"about":[{"href":"https:\/\/bibliaaudio.pl\/sklep\/wp-json\/wp\/v2\/types\/product"}],"replies":[{"embeddable":true,"href":"https:\/\/bibliaaudio.pl\/sklep\/wp-json\/wp\/v2\/comments?post=8028"}],"wp:featuredmedia":[{"embeddable":true,"href":"https:\/\/bibliaaudio.pl\/sklep\/wp-json\/wp\/v2\/media\/70589"}],"wp:attachment":[{"href":"https:\/\/bibliaaudio.pl\/sklep\/wp-json\/wp\/v2\/media?parent=8028"}],"wp:term":[{"taxonomy":"product_brand","embeddable":true,"href":"https:\/\/bibliaaudio.pl\/sklep\/wp-json\/wp\/v2\/product_brand?post=8028"},{"taxonomy":"product_cat","embeddable":true,"href":"https:\/\/bibliaaudio.pl\/sklep\/wp-json\/wp\/v2\/product_cat?post=8028"},{"taxonomy":"product_tag","embeddable":true,"href":"https:\/\/bibliaaudio.pl\/sklep\/wp-json\/wp\/v2\/product_tag?post=8028"}],"curies":[{"name":"wp","href":"https:\/\/api.w.org\/{rel}","templated":true}]}}